?
188
Calculate the highest common factor of 123 and 41.
41
What is the greatest common factor of 21984 and 12?
12
Calculate the highest common divisor of 22 and 143.
11
What is the greatest common factor of 126 and 3213?
63
What is the highest common factor of 2830 and 10?
10
What is the highest common factor of 84 and 2664?
12
Calculate the highest common divisor of 741 and 7125.
57
Calculate the greatest common factor of 44 and 72.
4
What is the highest common divisor of 1498 and 140?
14
What is the highest common divisor of 346 and 8?
2
Calculate the highest common divisor of 27 and 18.
9
Calculate the greatest common factor of 77 and 187.
11
Calculate the greatest common factor of 176 and 48.
16
Calculate the highest common factor of 72 and 152.
8
Calculate the highest common divisor of 45 and 243.
9
Calculate the highest common divisor of 27536 and 16.
16
What is the highest common divisor of 10764 and 78?
78
Calculate the highest common divisor of 100 and 4.
4
What is the highest common divisor of 1968 and 16?
16
What is the highest common factor of 39 and 17?
1
Calculate the greatest common factor of 512 and 10368.
128
Calculate the greatest common divisor of 1639 and 11.
11
Calculate the highest common factor of 2144 and 201.
67
Calculate the highest common factor of 497 and 923.
71
Calculate the greatest common divisor of 24 and 88.
8
What is the greatest common divisor of 14 and 91?
7
Calculate the greatest common divisor of 100 and 1325.
25
Calculate the greatest common divisor of 3267 and 484.
121
Calculate the greatest common divisor of 319 and 44.
11
Calculate the highest common factor of 124 and 18476.
124
What is the greatest common factor of 84 and 210?
42
Calculate the greatest common factor of 12 and 876.
12
What is the highest common divisor of 72 and 840?
24
Calculate the greatest common factor of 24442 and 484.
242
What is the highest common factor of 261 and 1131?
87
Calculate the greatest common divisor of 450 and 125.
25
What is the greatest common factor of 7042 and 98?
14
What is the highest common factor of 19182 and 230?
46
What is the greatest common factor of 1812 and 36?
12
What is the greatest common divisor of 22 and 3?
1
What is the highest common factor of 710 and 205?
5
Calculate the highest common divisor of 34 and 544.
34
Calculate the highest common divisor of 4 and 472.
4
Calculate the greatest common factor of 10 and 3215.
5
What is the greatest common divisor of 120 and 50?
10
Calculate the highest common factor of 903 and 21.
21
What is the greatest common divisor of 57 and 399?
57
Calculate the greatest common divisor of 32 and 44.
4
What is the highest common factor of 48 and 128?
16
Calculate the highest common factor of 2920 and 438.
146
Calculate the greatest common divisor of 66 and 51.
3
What is the highest common divisor of 20 and 2270?
10
Calculate the greatest common factor of 75 and 120.
15
What is the highest common divisor of 11 and 5566?
11
What is the highest common divisor of 189 and 216?
27
What is the highest common factor of 20 and 210?
10
What is the highest common divisor of 182 and 16?
2
Calculate the highest common divisor of 38 and 3477.
19
Calculate the highest common divisor of 19 and 3838.
19
Calculate the greatest common factor of 8192 and 256.
256
What is the greatest common factor of 132 and 231?
33
What is the highest common divisor of 69 and 11523?
69
Calculate the highest common factor of 130 and 936.
26
Calculate the highest common factor of 986 and 561.
17
Calculate the highest common divisor of 69 and 31257.
69
What is the greatest common factor of 1140 and 180?
60
What is the greatest common factor of 34 and 578?
34
What is the highest common divisor of 1406 and 57?
19
What is the highest common divisor of 8 and 18?
2
What is the greatest common factor of 28 and 56?
28
What is the highest common factor of 49005 and 27?
27
What is the greatest common divisor of 180 and 500?
20
Calculate the greatest common divisor of 3094 and 728.
182
Calculate the highest common divisor of 135 and 67905.
135
What is the greatest common factor of 680 and 935?
85
What is the greatest common factor of 1680 and 63?
21
What is the highest common factor of 765 and 45?
45
What is the greatest common divisor of 50 and 70?
10
Calculate the greatest common factor of 83 and 415.
83
Calculate the greatest common factor of 540 and 9.
9
Calculate the greatest common factor of 1083 and 608.
19
What is the greatest common factor of 14 and 154?
14
What is the greatest common factor of 3905 and 55?
55
What is the highest common factor of 20420 and 60?
20
What is the highest common divisor of 440 and 374?
22
What is the greatest common divisor of 22 and 176?
22
Calculate the greatest common factor of 42 and 2338.
14
What is the highest common divisor of 44 and 6?
2
Calculate the highest common divisor of 8619 and 765.
51
Calculate the highest common factor of 1456 and 14.
14
What is the greatest common divisor of 3658 and 124?
62
Calculate the greatest common divisor of 899 and 124.
31
Calculate the greatest common divisor of 784 and 880.
16
Calculate the highest common divisor of 76 and 3287.
19
Calculate the greatest common factor of 18 and 102.
6
Calculate the greatest common divisor of 54 and 66.
6
What is the highest common factor of 17 and 14348?
17
What is the greatest common factor of 10 and 70?
10
What is the greatest common factor of 713 and 31?
31
What is the greatest common divisor of 2 and 98?
2
Calculate the greatest common factor of 112 and 504.
56
Calculate the highest common factor of 374 and 7174.
34
Calculate the highest common factor of 64 and 96.
32
Calculate the greatest common divisor of 16 and 108.
4
Calculate the highest common divisor of 127 and 22733.
127
What is the greatest common factor of 74 and 4?
2
Calculate the highest common factor of 2548 and 260.
52
What is the greatest common factor of 25 and 1475?
25
Calculate the greatest common factor of 220 and 2310.
110
What is the greatest common divisor of 612 and 24?
12
Calculate the highest common factor of 2941 and 34.
17
Calculate the highest common divisor of 552 and 24.
24
What is the highest common divisor of 24 and 232?
8
Calculate the highest common factor of 75 and 1200.
75
What is the highest common divisor of 105 and 1176?
21
Calculate the greatest common factor of 45 and 8355.
15
What is the highest common factor of 216 and 3834?
54
Calculate the highest common factor of 60 and 8510.
10
Calculate the highest common divisor of 18 and 6921.
9
Calculate the highest common divisor of 36 and 40086.
18
Calculate the greatest common factor of 92 and 391.
23
What is the highest common divisor of 10537 and 514?
257
What is the greatest common divisor of 12 and 750?
6
Calculate the greatest common divisor of 176 and 128.
16
What is the greatest common factor of 675 and 600?
75
What is the highest common factor of 16145 and 5?
5
Calculate the greatest common factor of 475 and 57.
19
Calculate the greatest common divisor of 18 and 2490.
6
Calculate the highest common divisor of 40 and 40960.
40
Calculate the highest common factor of 7729 and 524.
131
What is the highest common factor of 29061 and 9?
9
What is the greatest common divisor of 45 and 6735?
15
Calculate the greatest common factor of 891 and 99.
99
What is the highest common divisor of 576 and 1024?
64
What is the highest common divisor of 66 and 4866?
6
What is the highest common factor of 23112 and 216?
216
What is the highest common divisor of 3220 and 140?
140
What is the greatest common factor of 909 and 9?
9
Calculate the greatest common factor of 1 and 351.
1
Calculate the highest common divisor of 559 and 215.
43
Calculate the greatest common factor of 7875 and 63.
63
What is the greatest common divisor of 117 and 2457?
117
What is the greatest common factor of 452 and 565?
113
Calculate the highest common factor of 88 and 242.
22
What is the greatest common divisor of 11424 and 28?
28
What is the highest common divisor of 116 and 4?
4
Calculate the greatest common divisor of 8 and 25.
1
What is the greatest common factor of 63 and 42?
21
Calculate the highest common divisor of 47 and 1.
1
What is the greatest common factor of 13650 and 273?
273
